
181
Let b = 85 - 23. List the prime factors of b.
2, 31
Suppose -33 = -5*f + 177. What are the prime factors of f?
2, 3, 7
Let i(f) = 7*f**3 + 4*f - 1. Let n(l) = 6*l**3 - l**2 + 3*l. Let t(p) = -3*i(p) + 4*n(p). List the prime factors of t(3).
2, 3
Suppose 10*d = 5*d + 130. Suppose 5*k - 31 = 2*p, 2*p + 0*p + d = 4*k. Suppose -8*w + 3*w = -3*l - 37, 2*w - 11 = k*l. List the prime factors of w.
2
Suppose 0 = s - 2*x + 3*x, -2*s - 3*x = 1. Let q be (-3 - -4)/(s/1). Suppose 2*u - 7 = q. What are the prime factors of u?
2
Let v(o) = -o**2 - 6*o + 2. Let x be v(-6). Suppose 7 = -2*y - u + 99, y - 46 = -x*u. What are the prime factors of y?
2, 23
Suppose 5*r - 5*q - 150 = 0, -q - 4 = 1. List the prime factors of r.
5
Suppose 0 = 8*x - 4*x, 0 = 4*g - 3*x. Suppose n + 4 - 33 = g. List the prime factors of n.
29
Suppose 0 = -2*u + 3*u - 3. Let n be (-2)/(5*8/20). Let p = n + u. What are the prime factors of p?
2
What are the prime factors of 145*((-4)/15)/((-1)/3)?
2, 29
Let p = 6 - 2. Suppose -p*x + 8 = k, 4*k - 5*x + 10 + 21 = 0. Let v = k - -7. List the prime factors of v.
3
Let j(i) = 3 + 4*i + 8*i + 1 - 5. List the prime factors of j(1).
11
Suppose 0 = -5*x + 2*x + 72. Suppose q = 4*m + x, 3*m - 20 = -6*q + 2*q. List the prime factors of q.
2
Let x be (-458)/(-14) - 28/(-98). Let f = x + -16. What are the prime factors of f?
17
What are the prime factors of ((-276)/(-16))/(2 + 7/(-4))?
3, 23
Let h(m) = m**2 + 10*m - 14. Let w be h(-11). What are the prime factors of 16 + 4 + -1 + w?
2
Suppose 2*w = 3*w + 3. List the prime factors of (w - -2)*1*-16.
2
Let y = -7 + 31. Suppose -3*p + y = -0*p. What are the prime factors of p?
2
Suppose -5*z + 2*z = 0. Suppose z = -3*o + q + q - 3, 3*o + q = -3. List the prime factors of (o - -1) + 8 - -2.
2, 5
Suppose 0 = -3*n - 2*n + 25. Let a = 129 + -138. What are the prime factors of n/(75/a)*-10?
2, 3
Suppose 0*d - 32 = -2*d. Let z = d - -10. What are the prime factors of z?
2, 13
What are the prime factors of (-82)/(-2) + 2 + -4 + 0?
3, 13
Let c be (3/9 - 1)*-3. Suppose f - 1 - c = 0. Suppose -f*m + 7 - 1 = 0. What are the prime factors of m?
2
Let n(q) = 5*q + 2*q - q**3 - q + 3 + 7*q**2. Let d be n(8). Let v = -5 - d. List the prime factors of v.
2
Let t be 384/21 + 8/(-28). What are the prime factors of t/((3 + -1)/2)?
2, 3
Let j(z) = -z**2 + 6*z - 5. Let p be j(5). Let x = p - -14. What are the prime factors of x?
2, 7
Suppose 4 + 2 = 3*o. Let r(k) = -7 + 0 + 0*k - o*k + 1. What are the prime factors of r(-4)?
2
Suppose y + 5*p = -1 - 24, 4*y = 3*p + 15. Suppose -3*d + 32 + 40 = y. What are the prime factors of d?
2, 3
Suppose 4*g - 150 = -30. Let x = -20 + g. What are the prime factors of x?
2, 5
Let k = -56 + 292. What are the prime factors of k?
2, 59
Let p(g) = 13*g**2 - 5*g - 4. List the prime factors of p(4).
2, 23
Suppose -2*f + 54 = -4*p, 0*p = -3*p + 12. What are the prime factors of f?
5, 7
Let o = 4 - -1. What are the prime factors of 1/(((-15)/(-36))/o)?
2, 3
Suppose 0*o - 55 = -5*o + 3*f, -3*o + 33 = -4*f. Let c = o - 5. Let d(y) = y - 2. List the prime factors of d(c).
2
Suppose 0 = -4*r - 10 - 10, 5*n - 4*r = -10. Let g = 3 - n. What are the prime factors of g?
3
Suppose -2*z - 4*b + 179 = -409, -583 = -2*z + b. List the prime factors of z.
2, 73
Let o be -5*(198/(-15))/3. Suppose a - o = -3. What are the prime factors of a?
19
Suppose -21 = 5*i - 3*i - 5*y, 3*i - 2*y = -15. What are the prime factors of 51/21 + i/7?
2
Let j be ((-6)/(-4))/(6/8). Let b = j + 6. What are the prime factors of b?
2
Let f(b) = -b**2 + 15*b + 4. List the prime factors of f(14).
2, 3
Let s(u) = u + 11. Let h be s(-8). Suppose -6 = -5*a + 3*m, -4 = h*a - 5*a + 2*m. List the prime factors of a + 2/(-1) + 10.
2
Let o be 1 - (8 + (-1 - -2)). Let v = o + 6. Let i = v + 13. List the prime factors of i.
11
Suppose 3*w = 2*w. Suppose -5*z = -w*z - 85. What are the prime factors of z?
17
Let w(r) = 2*r + r**2 - 5*r**2 + 3*r**2 + 2*r**2. Let t be w(-2). Suppose t = -b + 6*b - 50. List the prime factors of b.
2, 5
What are the prime factors of (-5)/((-15)/(-9)) + 25?
2, 11
Suppose -3*b + 159 = 2*x, -43 = -4*b + 3*x + 152. Suppose 8*c - 11*c = -b. List the prime factors of c.
17
Let n be 1/((-2)/76*-2). Suppose 28 = 3*h - 2*h. Let m = h - n. What are the prime factors of m?
3
Let s be (2 - (1 - 0))*3. Suppose s*u - 57 - 24 = 0. Suppose u = 3*d - 2*d + 4*b, 5*d - 5*b = 10. What are the prime factors of d?
7
Suppose -2*b = w - 11, 3*b + 5*w + 3 = 2. Suppose 4*k = -0*k - b. What are the prime factors of k/4 - 63/(-6)?
2, 5
Let z(k) = k**3 + 4*k**2 - 5*k - 4. Let w be z(-5). Let i = w + 12. What are the prime factors of i?
2
Let k be (3/(-9))/((-3)/18). Suppose 8 = -k*t, 2*q = -5*t - 5 - 5. Suppose -42 = -q*m + 2*m. What are the prime factors of m?
2, 7
Suppose -5*p + k = -4*k - 25, -16 = -5*p - 4*k. Suppose 3*q + 246 = -4*n + 20, -2*q + p*n = 124. List the prime factors of q/(-8) - (-2)/8.
3
Suppose 3*u = 66 + 15. What are the prime factors of u?
3
Let z = 46 + 44. What are the prime factors of z?
2, 3, 5
Let c(i) = i - 4. Let r be c(6). List the prime factors of 66/(-4)*r/(-3).
11
Suppose -18 = 19*l - 21*l. List the prime factors of l.
3
Let s be 1 + (-1)/1 + -2. What are the prime factors of s/10 + 552/60?
3
Suppose -5*d + 91 = u, -36 = -4*d - 2*u + 32. What are the prime factors of d?
19
Let t be 18/4 - 1/(-2). Suppose s + 21 = 7*c - 2*c, -t*c - 5*s = -15. List the prime factors of c.
2
Let q(s) = 5*s**2 - 4*s + 3. List the prime factors of q(2).
3, 5
Let j(f) = 3*f**2 + 13*f + 6. List the prime factors of j(-6).
2, 3
Let p = 268 - 172. List the prime factors of p.
2, 3
Let j(v) = -2*v - 2 - v - 2*v + 2*v. List the prime factors of j(-3).
7
Let t(j) = 38*j**2 - 4*j - 2. Let v be t(-2). Suppose -y + 5*k - 4*k + 26 = 0, 5*y - v = -2*k. What are the prime factors of y?
2, 3, 5
Suppose 3*x = 314 + 46. What are the prime factors of x?
2, 3, 5
What are the prime factors of 2 - -2*9 - -1?
3, 7
Let t = -4 + 7. Suppose -t*u = 2*u - 110. List the prime factors of u.
2, 11
Let j = -12 + 17. Suppose 4*v - 11 = j. What are the prime factors of v?
2
Let l(k) = -4*k + 8. List the prime factors of l(-4).
2, 3
Suppose 0 = -m + 4*m - 135. What are the prime factors of m?
3, 5
Suppose a - z = -4*z + 351, 0 = 5*a - 4*z - 1660. What are the prime factors of a?
2, 3, 7
Let h = 3 + -4. What are the prime factors of -2 + h + (-29)/(-1)?
2, 13
Let x(t) = t**2 + 4*t + 3. Let s be x(-4). Suppose 0 = -s*h + 4*h - 25. What are the prime factors of h?
5
What are the prime factors of (-849)/(-15) + (-12)/20?
2, 7
Let r be (-2)/(-2)*(-86)/(-2). Suppose -45 = i + r. List the prime factors of 2/(-2) + i/(-8).
2, 5
What are the prime factors of (193 - -1) + -28 + 24?
2, 5, 19
Suppose -7*w + 99 = -27. What are the prime factors of w?
2, 3
Let p = 253 - 120. What are the prime factors of p?
7, 19
Suppose -h = 2*h + 15. Let y(l) = l**2 + 2*l + 2. List the prime factors of y(h).
17
Suppose -j + 3*j = -2*y + 10, -3*y = 2*j - 5. Let i = 29 - 15. Let a = i - j. What are the prime factors of a?
2
Let f(z) = 21*z**2 - 3*z - 9. List the prime factors of f(-2).
3
Suppose 3*m - 4 = -m. Suppose 4*h + 25 = 5*v, 3*v - 9 = 3*h + 6. Let r = v + m. List the prime factors of r.
2, 3
Let y(k) = -k**2 - 6*k - 3. Suppose 5*p = 5*z + 35, -5*z + 4*p = -0*z + 32. What are the prime factors of y(z)?
5
List the prime factors of (35/2)/(-5)*-10.
5, 7
Let d be -2*1/(-2) - 1. Let i(k) = 1. Let n(y) = -y + 13. Let r(u) = -2*i(u) + n(u). List the prime factors of r(d).
11
Suppose v = 4*t - 15, 4*v = -4*t - v + 21. Let r(g) = -g**2 + 6*g - 6. What are the prime factors of r(t)?
2
Suppose -3 - 1 = 4*f. Let u be (-2)/2 - (f + -6). List the prime factors of 34/u - 1/(-3).
2, 3
Suppose 30 - 6 = -2*c. List the prime factors of (-9)/(-12) - 51/c.
5
Let z(x) = -x**3 - x**2 + 2*x - 3. Let p be z(-3). Suppose -p - 9 = 4*c + 5*i, 0 = 5*c + i + 12. Let s(v) = v**2 - v. List the prime factors of s(c).
2, 3
What are the prime factors of (-18)/(-30) + (-14)/(-10)?
2
Let f(d) = 3*d**2 + d + 6. Let x(h) = 7*h**2 + 3*h + 13. Let w(p) = 5*f(p) - 2*x(p). What are the prime factors of w(5)?
2, 3
Let j(i) be the second derivative of -2*i + 0*i**3 + 0 + 1/12*i**4 - 1/2*i**2. List the prime factors of j(2).
